{"id":628,"date":"2017-08-08T13:16:33","date_gmt":"2017-08-08T13:16:33","guid":{"rendered":"https:\/\/www.erlenburg.ch\/?page_id=628\/"},"modified":"2022-05-06T08:39:43","modified_gmt":"2022-05-06T08:39:43","slug":"slider-neu","status":"publish","type":"page","link":"https:\/\/www.erlenburg.ch\/wordpress\/","title":{"rendered":"Startseite mit neuem Slider"},"content":{"rendered":"<p><img decoding=\"async\" src=\"\/wordpress\/wp-content\/uploads\/erlenburg_wappen.png\" alt=\"\"><\/p>\n<h2>Herzlich willkommen bei Erlenburg Immobilien. Wir entwickeln und bauen Immobilienobjekte aus einem der wertvollsten Rohstoffe: Zeit. Viel Zeit, die wir in eine fundierte Planung und qualitativ hochwertige Umsetzung stecken. Und viel Zeit, die wir uns f\u00fcr Ihre Vorstellungen von hochwertigem Wohnen nehmen.<\/h2>\n<div><div id=\"metaslider-id-211\" style=\"max-width: 1200px;\" class=\"ml-slider-3-107-0 metaslider metaslider-flex metaslider-211 ml-slider has-dots-nav ms-theme-default\" role=\"region\" aria-label=\"New Slider\" data-height=\"744\" data-width=\"1200\">\n    <div id=\"metaslider_container_211\">\n        <div id=\"metaslider_211\" class=\"flexslider\">\n            <ul class='slides'>\n                <li style=\"display: block; width: 100%;\" class=\"slide-206 ms-image \" aria-roledescription=\"slide\" data-date=\"2017-03-03 12:27:28\" data-filename=\"8535_06_FBS1_C1-1-1090x676.jpg\" data-slide-type=\"image\"><img loading=\"lazy\" decoding=\"async\" src=\"https:\/\/www.erlenburg.ch\/wordpress\/wp-content\/uploads\/8535_06_FBS1_C1-1-1090x676.jpg\" height=\"744\" width=\"1200\" alt=\"\" class=\"slider-211 slide-206 msDefaultImage\" \/><\/li>\n                <li style=\"display: none; width: 100%;\" class=\"slide-205 ms-image \" aria-roledescription=\"slide\" data-date=\"2017-03-03 12:27:23\" data-filename=\"8535_05_FBS1_C1-1-1088x675.jpg\" data-slide-type=\"image\"><img loading=\"lazy\" decoding=\"async\" src=\"https:\/\/www.erlenburg.ch\/wordpress\/wp-content\/uploads\/8535_05_FBS1_C1-1-1088x675.jpg\" height=\"744\" width=\"1200\" alt=\"\" class=\"slider-211 slide-205 msDefaultImage\" \/><\/li>\n                <li style=\"display: none; width: 100%;\" class=\"slide-204 ms-image \" aria-roledescription=\"slide\" data-date=\"2017-03-03 12:27:21\" data-filename=\"8535_04_FBS1_C1-1-1200x744.jpg\" data-slide-type=\"image\"><img loading=\"lazy\" decoding=\"async\" src=\"https:\/\/www.erlenburg.ch\/wordpress\/wp-content\/uploads\/8535_04_FBS1_C1-1-1200x744.jpg\" height=\"744\" width=\"1200\" alt=\"\" class=\"slider-211 slide-204 msDefaultImage\" \/><\/li>\n            <\/ul>\n        <\/div>\n        \n    <\/div>\n<\/div><\/div>\n<h2>Eine moderne Architektur, die Trends \u00fcberdauert. Eine Bauweise, die Nachhaltigkeit und Solidit\u00e4t unter einem Dach vereint. Und eine Beratung, die einiges \u00fcber das herk\u00f6mmliche Mass an Betreuung hinausreicht \u2013 das ist unser Anspruch.<\/h2>\n<h2>\u00dcber uns<\/h2>\n<div>Wir sind ein kleines Unternehmen. Agil, pers\u00f6nlich, ja fast famili\u00e4r. Wachstum ist nicht unser Ziel und unser Denken nicht prim\u00e4r renditeorientiert. Unser Fokus liegt vielmehr auf einer zu Ende gedachten Planung, einer hochprofessionellen Bauleitung und einer Betreuung, bei der Ihre W\u00fcnsche nicht nur erfasst, sondern auch umgesetzt werden. Und zwar von einem einzigen Ansprechpartner, der w\u00e4hrend des gesamten Prozesses f\u00fcr den Kunden da ist. Mit viel Know-how. Und aller Zeit.<\/div>\n<h3>Neueste Projekte<\/h3>\n<p><a href=\"\/projekte\/belmont\/\"><img decoding=\"async\" src=\"\/wordpress\/wp-content\/uploads\/belmont_uebersicht.jpg\" alt=\"\"><\/a><\/p>\n<div>\u00abBelmont\u00bb<\/div>\n<hr>\n<p><a href=\"\/projekte\/palais-im-aegertli\/\"><img decoding=\"async\" src=\"\/wordpress\/wp-content\/uploads\/AE_19_150227_visu_aussen-1.jpg\" alt=\"\"><\/a><\/p>\n<div>\u00abPalais im Aegertli\u00bb<\/div>\n<hr>\n<p><a href=\"\/projekte\/palais-am-park\/\"><img decoding=\"async\" src=\"\/wordpress\/wp-content\/uploads\/palais_im_park_bearbeitet.jpg\" alt=\"\"><\/a><\/p>\n<div>\u00abPalais am Park\u00bb<\/div>\n<hr>\n<p>\n    <a href=\"\/projekte\/\">Zu den Projekten<\/a>\n<\/p>\n<p><!--more--><br \/>\n<!-- {\"name\":\"Home\",\"type\":\"layout\",\"children\":[{\"name\":\"Titelbild \\u2013 Startseite\",\"type\":\"section\",\"props\":{\"width\":\"\",\"style\":\"default\",\"text_color\":\"light\",\"media\":\"images\\\/home-header.jpg\",\"height_viewport\":true,\"header_overlay\":\"light\",\"image\":\"wp-content\\\/uploads\\\/munsbach_aussen_bearbeitet.jpg\",\"media_advanced\":true,\"image_size\":\"cover\",\"media_background\":\"#fff\",\"media_overlay\":\"rgba(0, 0, 0, 0.14)\",\"height\":\"percent\",\"animation\":\"fade\",\"image_position\":\"center-center\",\"overlap\":false,\"padding_remove_top\":true,\"padding_remove_bottom\":true,\"class\":\"home-slider\",\"vertical_align\":\"middle\",\"title_position\":\"top-left\",\"title_rotation\":\"left\",\"title_breakpoint\":\"xl\"},\"children\":[{\"name\":\"\",\"type\":\"row\",\"props\":{\"vertical_align\":false},\"children\":[{\"name\":\"\",\"type\":\"column\",\"props\":{\"image_position\":\"center-center\",\"width_medium\":\"1-1\",\"position_sticky_breakpoint\":\"m\",\"media_overlay_gradient\":\"\"},\"children\":[{\"type\":\"image\",\"props\":{\"margin\":\"default\",\"image_svg_color\":\"emphasis\",\"image\":\"wp-content\\\/uploads\\\/erlenburg_wappen.png\",\"text_align\":\"center\"}}]}]}]},{\"name\":\"\\u00dcber uns\",\"type\":\"section\",\"props\":{\"width\":\"default\",\"style\":\"default\",\"media\":\"\",\"height_viewport\":false,\"header_overlay\":\"light\",\"animation\":\"slide-top-small\",\"padding_remove_top\":false,\"image_size\":\"cover\",\"image_position\":\"center-center\",\"padding_remove_bottom\":false,\"vertical_align\":\"middle\",\"title_position\":\"top-left\",\"title_rotation\":\"left\",\"title_breakpoint\":\"xl\"},\"children\":[{\"name\":\"\",\"type\":\"row\",\"children\":[{\"name\":\"\",\"type\":\"column\",\"props\":{\"width_medium\":\"1-1\",\"position_sticky_breakpoint\":\"m\",\"image_position\":\"center-center\",\"media_overlay_gradient\":\"\"},\"children\":[{\"name\":\"\",\"type\":\"headline\",\"props\":{\"title_element\":\"h2\",\"content\":\"Herzlich willkommen bei Erlenburg Immobilien. Wir entwickeln und bauen Immobilienobjekte aus einem der wertvollsten Rohstoffe: Zeit. Viel Zeit, die wir in eine fundierte Planung und qualitativ hochwertige Umsetzung stecken. Und viel Zeit, die wir uns f\\u00fcr Ihre Vorstellungen von hochwertigem Wohnen nehmen.\",\"text_align\":\"left\",\"text_align_fallback\":\"center\",\"title_style\":\"h2\",\"animation\":\"fade\",\"class\":\"headline-top\"}}]}]}]},{\"name\":\"Slider\",\"type\":\"section\",\"props\":{\"style\":\"default\",\"width\":\"default\",\"image_position\":\"center-center\",\"vertical_align\":\"middle\",\"title_position\":\"top-left\",\"title_rotation\":\"left\",\"title_breakpoint\":\"xl\"},\"children\":[{\"name\":\"\",\"type\":\"row\",\"children\":[{\"name\":\"\",\"type\":\"column\",\"props\":{\"width_medium\":\"1-1\",\"position_sticky_breakpoint\":\"m\",\"image_position\":\"center-center\",\"media_overlay_gradient\":\"\"},\"children\":[{\"name\":\"\",\"type\":\"text\",\"props\":{\"column_breakpoint\":\"m\",\"margin\":\"default\",\"content\":\"[metaslider id=211]\",\"animation\":\"fade\"}}]}]}]},{\"name\":\"Text\",\"type\":\"section\",\"props\":{\"width\":\"default\",\"style\":\"default\",\"media\":\"\",\"height_viewport\":false,\"header_overlay\":\"light\",\"animation\":\"slide-top-small\",\"padding_remove_top\":true,\"image_size\":\"cover\",\"image_position\":\"center-center\",\"vertical_align\":\"middle\",\"title_position\":\"top-left\",\"title_rotation\":\"left\",\"title_breakpoint\":\"xl\"},\"children\":[{\"name\":\"\",\"type\":\"row\",\"children\":[{\"name\":\"\",\"type\":\"column\",\"props\":{\"width_medium\":\"1-1\",\"position_sticky_breakpoint\":\"m\",\"image_position\":\"center-center\",\"media_overlay_gradient\":\"\"},\"children\":[{\"name\":\"\",\"type\":\"headline\",\"props\":{\"title_element\":\"h2\",\"content\":\"Eine moderne Architektur, die Trends \\u00fcberdauert. Eine Bauweise, die Nachhaltigkeit und Solidit\\u00e4t unter einem Dach vereint. Und eine Beratung, die einiges \\u00fcber das herk\\u00f6mmliche Mass an Betreuung hinausreicht \\u2013 das ist unser Anspruch.\",\"text_align\":\"left\",\"text_align_fallback\":\"center\",\"maxwidth\":\"xlarge\",\"title_style\":\"h3\",\"animation\":\"fade\"}}]}]}]},{\"name\":\"Text\",\"type\":\"section\",\"props\":{\"width\":\"default\",\"style\":\"default\",\"media\":\"\",\"height_viewport\":false,\"header_overlay\":\"light\",\"animation\":\"slide-top-small\",\"padding_remove_top\":false,\"image_size\":\"cover\",\"image_position\":\"center-center\",\"padding_remove_bottom\":false,\"vertical_align\":\"middle\",\"title_position\":\"top-left\",\"title_rotation\":\"left\",\"title_breakpoint\":\"xl\"},\"children\":[{\"name\":\"\",\"type\":\"row\",\"props\":{\"layout\":\"1-2,1-2\"},\"children\":[{\"name\":\"\",\"type\":\"column\",\"props\":{\"width_medium\":\"1-2\",\"position_sticky_breakpoint\":\"m\",\"image_position\":\"center-center\",\"media_overlay_gradient\":\"\"},\"children\":[{\"name\":\"\",\"type\":\"headline\",\"props\":{\"title_element\":\"h2\",\"content\":\"\\u00dcber uns\",\"text_align\":\"left\",\"text_align_fallback\":\"center\",\"maxwidth\":\"xlarge\",\"title_style\":\"h5\",\"animation\":\"fade\"}}]},{\"name\":\"\",\"type\":\"column\",\"props\":{\"width_medium\":\"1-2\",\"position_sticky_breakpoint\":\"m\",\"image_position\":\"center-center\",\"media_overlay_gradient\":\"\"},\"children\":[{\"name\":\"\",\"type\":\"text\",\"props\":{\"column_breakpoint\":\"m\",\"margin\":\"default\",\"content\":\"Wir sind ein kleines Unternehmen. Agil, pers\\u00f6nlich, ja fast famili\\u00e4r. Wachstum ist nicht unser Ziel und unser Denken nicht prim\\u00e4r renditeorientiert. Unser Fokus liegt vielmehr auf einer zu Ende gedachten Planung, einer hochprofessionellen Bauleitung und einer Betreuung, bei der Ihre W\\u00fcnsche nicht nur erfasst, sondern auch umgesetzt werden. Und zwar von einem einzigen Ansprechpartner, der w\\u00e4hrend des gesamten Prozesses f\\u00fcr den Kunden da ist. Mit viel Know-how. Und aller Zeit.\",\"animation\":\"fade\"}}]}]}]},{\"name\":\"Neueste Projekte\",\"type\":\"section\",\"props\":{\"width\":\"default\",\"style\":\"default\",\"media\":\"\",\"height_viewport\":false,\"header_overlay\":\"light\",\"animation\":\"fade\",\"padding_remove_top\":false,\"image_size\":\"cover\",\"image_position\":\"center-center\",\"vertical_align\":\"middle\",\"title_position\":\"top-left\",\"title_rotation\":\"left\",\"title_breakpoint\":\"xl\"},\"children\":[{\"name\":\"\",\"type\":\"row\",\"props\":{\"vertical_align\":true,\"column_gap\":\"medium\",\"row_gap\":\"medium\"},\"children\":[{\"name\":\"\",\"type\":\"column\",\"props\":{\"width_medium\":\"1-1\",\"position_sticky_breakpoint\":\"m\",\"image_position\":\"center-center\",\"media_overlay_gradient\":\"\"},\"children\":[{\"name\":\"\",\"type\":\"headline\",\"props\":{\"title_element\":\"h3\",\"text_align\":\"center\",\"content\":\"Neueste Projekte\",\"title_style\":\"h4\",\"title_decoration\":\"line\",\"animation\":\"fade\"}}]}]},{\"name\":\"\",\"type\":\"row\",\"props\":{\"layout\":\"1-3,1-3,1-3\",\"match\":true,\"vertical_align\":false,\"margin\":\"medium\",\"column_gap\":\"medium\",\"row_gap\":\"medium\"},\"children\":[{\"name\":\"\",\"type\":\"column\",\"props\":{\"width_small\":\"1-3\",\"position_sticky_breakpoint\":\"m\",\"image_position\":\"center-center\",\"media_overlay_gradient\":\"\"},\"children\":[{\"name\":\"\",\"type\":\"image\",\"props\":{\"image\":\"wp-content\\\/uploads\\\/belmont_uebersicht.jpg\",\"inline_align\":\"center\",\"margin\":\"remove-vertical\",\"image_alt\":\"\",\"link\":\"\\\/projekte\\\/belmont\\\/\",\"margin_remove_bottom\":false,\"animation\":\"fade\",\"image_svg_color\":\"emphasis\"}},{\"name\":\"\",\"type\":\"text\",\"props\":{\"column_breakpoint\":\"m\",\"margin\":\"small\",\"margin_remove_top\":false,\"margin_remove_bottom\":false,\"content\":\"\\u00abBelmont\\u00bb\",\"text_align\":\"center\",\"animation\":\"fade\"}},{\"name\":\"\",\"type\":\"divider\",\"props\":{\"divider_element\":\"hr\",\"margin_remove_top\":true,\"animation\":\"fade\"}}]},{\"name\":\"\",\"type\":\"column\",\"props\":{\"width_small\":\"1-3\",\"position_sticky_breakpoint\":\"m\",\"image_position\":\"center-center\",\"media_overlay_gradient\":\"\"},\"children\":[{\"name\":\"\",\"type\":\"image\",\"props\":{\"image\":\"wp-content\\\/uploads\\\/AE_19_150227_visu_aussen-1.jpg\",\"inline_align\":\"center\",\"margin\":\"remove-vertical\",\"image_alt\":\"\",\"link\":\"\\\/projekte\\\/palais-im-aegertli\\\/\",\"margin_remove_bottom\":false,\"animation\":\"fade\",\"image_svg_color\":\"emphasis\"}},{\"name\":\"\",\"type\":\"text\",\"props\":{\"column_breakpoint\":\"m\",\"margin\":\"small\",\"margin_remove_top\":false,\"margin_remove_bottom\":false,\"content\":\"\\u00abPalais im Aegertli\\u00bb\",\"text_align\":\"center\",\"animation\":\"fade\"}},{\"name\":\"\",\"type\":\"divider\",\"props\":{\"divider_element\":\"hr\",\"margin_remove_top\":true,\"animation\":\"fade\"}}]},{\"name\":\"\",\"type\":\"column\",\"props\":{\"width_small\":\"1-3\",\"position_sticky_breakpoint\":\"m\",\"image_position\":\"center-center\",\"media_overlay_gradient\":\"\"},\"children\":[{\"name\":\"\",\"type\":\"image\",\"props\":{\"image\":\"wp-content\\\/uploads\\\/palais_im_park_bearbeitet.jpg\",\"inline_align\":\"center\",\"margin\":\"remove-vertical\",\"image_alt\":\"\",\"link\":\"\\\/projekte\\\/palais-am-park\\\/\",\"margin_remove_bottom\":false,\"animation\":\"fade\",\"image_svg_color\":\"emphasis\"}},{\"name\":\"\",\"type\":\"text\",\"props\":{\"column_breakpoint\":\"m\",\"margin\":\"small\",\"margin_remove_top\":false,\"margin_remove_bottom\":false,\"content\":\"\\u00abPalais am Park\\u00bb\",\"text_align\":\"center\",\"animation\":\"fade\"}},{\"name\":\"\",\"type\":\"divider\",\"props\":{\"divider_element\":\"hr\",\"margin_remove_top\":true,\"animation\":\"fade\"}}]}]},{\"name\":\"\",\"type\":\"row\",\"children\":[{\"name\":\"\",\"type\":\"column\",\"props\":{\"width_medium\":\"1-1\",\"position_sticky_breakpoint\":\"m\",\"image_position\":\"center-center\",\"media_overlay_gradient\":\"\"},\"children\":[{\"name\":\"\",\"type\":\"button\",\"props\":{\"inline_align\":\"center\",\"margin\":\"default\",\"text_align\":\"center\",\"animation\":\"fade\",\"grid_column_gap\":\"small\",\"grid_row_gap\":\"small\"},\"children\":[{\"name\":\"\",\"type\":\"button_item\",\"props\":{\"button_style\":\"text\",\"content\":\"Zu den Projekten\",\"link\":\"\\\/projekte\\\/\",\"link_title\":\"View Portfolio\",\"icon_align\":\"left\"}}]}]}]}]}],\"version\":\"2.7.19\"} --><\/p>\n","protected":false},"excerpt":{"rendered":"<p>Herzlich willkommen bei Erlenburg Immobilien. Wir entwickeln und bauen Immobilienobjekte aus einem der wertvollsten Rohstoffe: Zeit. Viel Zeit, die wir in eine fundierte Planung und qualitativ hochwertige Umsetzung stecken. Und viel Zeit, die wir uns f\u00fcr Ihre Vorstellungen von hochwertigem Wohnen nehmen. Eine moderne Architektur, die Trends \u00fcberdauert. Eine Bauweise, die Nachhaltigkeit und Solidit\u00e4t unter [&hellip;]<\/p>\n","protected":false},"author":1,"featured_media":0,"parent":0,"menu_order":0,"comment_status":"closed","ping_status":"closed","template":"","meta":{"footnotes":""},"class_list":["post-628","page","type-page","status-publish","hentry"],"_links":{"self":[{"href":"https:\/\/www.erlenburg.ch\/wordpress\/wp-json\/wp\/v2\/pages\/628","targetHints":{"allow":["GET"]}}],"collection":[{"href":"https:\/\/www.erlenburg.ch\/wordpress\/wp-json\/wp\/v2\/pages"}],"about":[{"href":"https:\/\/www.erlenburg.ch\/wordpress\/wp-json\/wp\/v2\/types\/page"}],"author":[{"embeddable":true,"href":"https:\/\/www.erlenburg.ch\/wordpress\/wp-json\/wp\/v2\/users\/1"}],"replies":[{"embeddable":true,"href":"https:\/\/www.erlenburg.ch\/wordpress\/wp-json\/wp\/v2\/comments?post=628"}],"version-history":[{"count":4,"href":"https:\/\/www.erlenburg.ch\/wordpress\/wp-json\/wp\/v2\/pages\/628\/revisions"}],"predecessor-version":[{"id":1026,"href":"https:\/\/www.erlenburg.ch\/wordpress\/wp-json\/wp\/v2\/pages\/628\/revisions\/1026"}],"wp:attachment":[{"href":"https:\/\/www.erlenburg.ch\/wordpress\/wp-json\/wp\/v2\/media?parent=628"}],"curies":[{"name":"wp","href":"https:\/\/api.w.org\/{rel}","templated":true}]}}