{"id":190,"date":"2017-03-03T10:46:02","date_gmt":"2017-03-03T10:46:02","guid":{"rendered":"https:\/\/www.erlenburg.ch\/wordpress\/?page_id=190"},"modified":"2017-07-31T09:59:35","modified_gmt":"2017-07-31T09:59:35","slug":"palais-am-park","status":"publish","type":"page","link":"https:\/\/www.erlenburg.ch\/wordpress\/projekte\/palais-am-park\/","title":{"rendered":"\u00abPalais am Park\u00bb"},"content":{"rendered":"<p>\u00abPalais am Park\u00bb<\/p>\n<p><a href=\"projekte\/\">< zur\u00fcck zur \u00dcbersicht<\/a><\/p>\n<p><b>Objekt<\/b><br \/>\n\u00abPalais am Park\u00bb &#8211; Umbau<\/p>\n<p><b>Standort<\/b><br \/>\nFeldbergstrasse 1, Frankfurt am Main (Haus 1\/Haus 2)<\/p>\n<p><b>Nutzung\/Funktion<\/b><br \/>\nDoppelvilla<\/p>\n<p><b>Bauherrschaft<\/b><br \/>\nPrivat<\/p>\n<p><b>Realisierung<\/b><br \/>\nHerbst 2014<\/p>\n<p><b>Lage<\/b><br \/>\nDie durch Erlenburg projektierte Herrschaftsvilla befindet sich im Westende der Finanz-Metropole Frankfurt am Main, dem internationalen Messe- und Kongressstandort, EZB und pulsierenden Kulturstadt. Der Standort bietet eine hervorragende Infrastruktur mit N\u00e4he zur City, der Alten Oper, der Fressgass und zum Bankenviertel. Als Ausgleich dazu befinden sich der Gr\u00fcneburg- und Rothschildpark sowie der ber\u00fchmte Palmengarten in unmittelbarer N\u00e4he.\n<\/p>\n<p>Projektbeschreibung<\/p>\n<p><b>Projektart<\/b><br \/>\nDie Herrschaftsvilla besteht aus zwei eleganten Doppelvillen mit privater Zufahrt. Das Geb\u00e4ude befindet sich auf einem umschlossenen Grundst\u00fcck.<\/p>\n<p><b>Architektur<\/b><br \/>\nDas Geb\u00e4ude mit dem traditionellen Baustil und der modernen Interpretation erzielt durch seine wohlproportionale Fassadeneinteilung ein harmonischer Einklang des \u00e4usseren Erscheinungsbildes.<\/p>\n<p><b>Raumkonzept<\/b><br \/>\nDie Kombination aus hellen R\u00e4umen, einem klaren Konzept und dem stimmigen Design erf\u00fcllt h\u00f6chste Anspr\u00fcche. Die Residenz mit individuellem Charakter bietet reichlich Platz, um die R\u00e4umlichkeiten ganz nach Wunsch der Bauherrschaft zu gestalten.<\/p>\n<p><b>Innenausbau<\/b><br \/>\nDie Ausstattung der grossz\u00fcgigen R\u00e4ume, mit K\u00fcche, Fussb\u00f6den aus Stein und Holz, hochwertige B\u00e4der und Geb\u00e4udetechnik erfolgt nach den neusten energetischen Gesichtspunkten und bieten einen Wohnkomfort der Extraklasse.<\/p>\n<p><!-- {\"name\":\"Home\",\"type\":\"layout\",\"children\":[{\"name\":\"Titel\",\"type\":\"section\",\"props\":{\"width\":\"default\",\"padding\":\"\",\"style\":\"default\",\"text_color\":\"\",\"media\":\"\",\"height_viewport\":false,\"header_overlay\":\"light\",\"animation\":\"slide-top-small\",\"padding_remove_top\":false,\"image_size\":\"cover\",\"image_position\":\"center-center\"},\"children\":[{\"name\":\"\",\"type\":\"row\",\"props\":{\"layout\":\"1-1\",\"breakpoint\":\"m\",\"margin\":\"\",\"fixed_width\":\"large\"},\"children\":[{\"name\":\"\",\"type\":\"column\",\"props\":{\"widths\":[\"1-1\"]},\"children\":[{\"name\":\"\",\"type\":\"headline\",\"props\":{\"title_element\":\"h2\",\"content\":\"\\u00abPalais am Park\\u00bb\",\"text_align\":\"left\",\"text_align_fallback\":\"center\",\"maxwidth_align\":\"\",\"maxwidth\":\"\",\"title_style\":\"h2\",\"animation\":\"fade\",\"class\":\"headline-top\"}}]}]}]},{\"name\":\"\\u00dcbersicht\",\"type\":\"section\",\"props\":{\"style\":\"default\",\"width\":\"default\",\"image_position\":\"center-center\",\"padding\":\"xsmall\"},\"children\":[{\"name\":\"\",\"type\":\"row\",\"props\":{\"fixed_width\":\"large\",\"breakpoint\":\"m\",\"layout\":\",\"},\"children\":[{\"name\":\"\",\"type\":\"column\",\"props\":{\"widths\":[\"\"]},\"children\":[{\"name\":\"\",\"type\":\"headline\",\"props\":{\"title_element\":\"h5\",\"content\":\"<a href=\\\"projekte\\\/\\\">< zur\\u00fcck zur \\u00dcbersicht<\\\/a>\",\"animation\":\"fade\"}}]},{\"name\":\"\",\"type\":\"column\",\"props\":{\"widths\":[\"\"]},\"children\":[{\"name\":\"\",\"type\":\"text\",\"props\":{\"column_breakpoint\":\"m\",\"margin\":\"default\",\"content\":\"<b>Objekt<\\\/b><br \\\/>\\n\\u00abPalais am Park\\u00bb - Umbau<br \\\/><br \\\/>\\n\\n<b>Standort<\\\/b><br \\\/>\\nFeldbergstrasse 1, Frankfurt am Main (Haus 1\\\/Haus 2)<br \\\/><br \\\/>\\n\\n<b>Nutzung\\\/Funktion<\\\/b><br \\\/>\\nDoppelvilla<br \\\/><br \\\/>\\n\\n<b>Bauherrschaft<\\\/b><br \\\/>\\nPrivat<br \\\/><br \\\/>\\n\\n<b>Realisierung<\\\/b><br \\\/>\\nHerbst 2014<br \\\/><br \\\/>\\n\\n<b>Lage<\\\/b><br \\\/>\\nDie durch Erlenburg projektierte Herrschaftsvilla befindet sich im Westende der Finanz-Metropole Frankfurt am Main, dem internationalen Messe- und Kongressstandort, EZB und pulsierenden Kulturstadt. Der Standort bietet eine hervorragende Infrastruktur mit N\\u00e4he zur City, der Alten Oper, der Fressgass und zum Bankenviertel. Als Ausgleich dazu befinden sich der Gr\\u00fcneburg- und Rothschildpark sowie der ber\\u00fchmte Palmengarten in unmittelbarer N\\u00e4he. \\n\"}}]}]}]},{\"name\":\"Bilder\",\"type\":\"section\",\"props\":{\"style\":\"default\",\"width\":\"default\",\"image_position\":\"center-center\",\"padding\":\"xsmall\"},\"children\":[{\"name\":\"\",\"type\":\"row\",\"props\":{\"fixed_width\":\"large\",\"breakpoint\":\"m\",\"layout\":\"1-1\"},\"children\":[{\"name\":\"\",\"type\":\"column\",\"props\":{\"widths\":[\"1-1\"]},\"children\":[{\"name\":\"\",\"type\":\"image\",\"props\":{\"margin\":\"default\",\"image\":\"wp-content\\\/uploads\\\/8535_03_FBS1_C1-1.jpg\",\"animation\":\"fade\"}}]}]},{\"name\":\"\",\"type\":\"row\",\"props\":{\"fixed_width\":\"large\",\"breakpoint\":\"m\",\"layout\":\",\"},\"children\":[{\"name\":\"\",\"type\":\"column\",\"props\":{\"widths\":[\"\"]},\"children\":[{\"name\":\"\",\"type\":\"image\",\"props\":{\"margin\":\"default\",\"animation\":\"fade\",\"image\":\"wp-content\\\/uploads\\\/8535_06_FBS1_C1-1.jpg\"}}]},{\"name\":\"\",\"type\":\"column\",\"props\":{\"widths\":[\"\"]},\"children\":[{\"name\":\"\",\"type\":\"image\",\"props\":{\"margin\":\"default\",\"image\":\"wp-content\\\/uploads\\\/8535_05_FBS1_C1-1.jpg\",\"animation\":\"fade\"}}]}]},{\"name\":\"\",\"type\":\"row\",\"props\":{\"fixed_width\":\"large\",\"breakpoint\":\"m\",\"layout\":\",2-3\"},\"children\":[{\"name\":\"\",\"type\":\"column\",\"props\":{\"widths\":[\"\"]}},{\"name\":\"\",\"type\":\"column\",\"props\":{\"widths\":[\"2-3\"]},\"children\":[{\"name\":\"\",\"type\":\"image\",\"props\":{\"margin\":\"default\",\"animation\":\"fade\",\"image\":\"wp-content\\\/uploads\\\/8535_04_FBS1_C1-1.jpg\"}}]}]}]},{\"name\":\"Projektbeschrieb\",\"type\":\"section\",\"props\":{\"style\":\"default\",\"width\":\"default\",\"image_position\":\"center-center\",\"padding\":\"small\"},\"children\":[{\"name\":\"\",\"type\":\"row\",\"props\":{\"fixed_width\":\"large\",\"breakpoint\":\"m\",\"layout\":\",\"},\"children\":[{\"name\":\"\",\"type\":\"column\",\"props\":{\"widths\":[\"\"]},\"children\":[{\"name\":\"\",\"type\":\"headline\",\"props\":{\"title_element\":\"h2\",\"content\":\"Projektbeschreibung\",\"animation\":\"fade\",\"title_style\":\"h5\"}}]},{\"name\":\"\",\"type\":\"column\",\"props\":{\"widths\":[\"\"]},\"children\":[{\"name\":\"\",\"type\":\"text\",\"props\":{\"column_breakpoint\":\"m\",\"margin\":\"default\",\"content\":\"<b>Projektart<\\\/b><br \\\/>\\nDie Herrschaftsvilla besteht aus zwei eleganten Doppelvillen mit privater Zufahrt. Das Geb\\u00e4ude befindet sich auf einem umschlossenen Grundst\\u00fcck.\"}}]}]},{\"name\":\"\",\"type\":\"row\",\"props\":{\"fixed_width\":\"large\",\"breakpoint\":\"m\",\"layout\":\",\"},\"children\":[{\"name\":\"\",\"type\":\"column\",\"props\":{\"widths\":[\"\"]}},{\"name\":\"\",\"type\":\"column\",\"props\":{\"widths\":[\"\"]},\"children\":[{\"name\":\"\",\"type\":\"text\",\"props\":{\"column_breakpoint\":\"m\",\"margin\":\"default\",\"content\":\"<b>Architektur<\\\/b><br \\\/>\\nDas Geb\\u00e4ude mit dem traditionellen Baustil und der modernen Interpretation erzielt durch seine wohlproportionale Fassadeneinteilung ein harmonischer Einklang des \\u00e4usseren Erscheinungsbildes.\"}}]}]},{\"name\":\"\",\"type\":\"row\",\"props\":{\"fixed_width\":\"large\",\"breakpoint\":\"m\",\"layout\":\",\"},\"children\":[{\"name\":\"\",\"type\":\"column\",\"props\":{\"widths\":[\"\"]}},{\"name\":\"\",\"type\":\"column\",\"props\":{\"widths\":[\"\"]},\"children\":[{\"name\":\"\",\"type\":\"text\",\"props\":{\"column_breakpoint\":\"m\",\"margin\":\"default\",\"content\":\"<b>Raumkonzept<\\\/b><br \\\/>\\nDie Kombination aus hellen R\\u00e4umen, einem klaren Konzept und dem stimmigen Design erf\\u00fcllt h\\u00f6chste Anspr\\u00fcche. Die Residenz mit individuellem Charakter bietet reichlich Platz, um die R\\u00e4umlichkeiten ganz nach Wunsch der Bauherrschaft zu gestalten.\"}}]}]},{\"name\":\"\",\"type\":\"row\",\"props\":{\"fixed_width\":\"large\",\"breakpoint\":\"m\",\"layout\":\",\"},\"children\":[{\"name\":\"\",\"type\":\"column\",\"props\":{\"widths\":[\"\"]}},{\"name\":\"\",\"type\":\"column\",\"props\":{\"widths\":[\"\"]},\"children\":[{\"name\":\"\",\"type\":\"text\",\"props\":{\"column_breakpoint\":\"m\",\"margin\":\"default\",\"content\":\"<b>Innenausbau<\\\/b><br \\\/>\\nDie Ausstattung der grossz\\u00fcgigen R\\u00e4ume, mit K\\u00fcche, Fussb\\u00f6den aus Stein und Holz, hochwertige B\\u00e4der und Geb\\u00e4udetechnik erfolgt nach den neusten energetischen Gesichtspunkten und bieten einen Wohnkomfort der Extraklasse.\"}}]}]}]}]} --><\/p>\n","protected":false},"excerpt":{"rendered":"<p>\u00abPalais am Park\u00bb < zur\u00fcck zur \u00dcbersicht Objekt \u00abPalais am Park\u00bb &#8211; Umbau Standort Feldbergstrasse 1, Frankfurt am Main (Haus 1\/Haus 2) Nutzung\/Funktion Doppelvilla Bauherrschaft Privat Realisierung Herbst 2014 Lage Die durch Erlenburg projektierte Herrschaftsvilla befindet sich im Westende der Finanz-Metropole Frankfurt am Main, dem internationalen Messe- und Kongressstandort, EZB und pulsierenden Kulturstadt. Der Standort [&hellip;]\n<\/p>\n","protected":false},"author":1,"featured_media":0,"parent":156,"menu_order":2,"comment_status":"closed","ping_status":"closed","template":"","meta":{"footnotes":""},"class_list":["post-190","page","type-page","status-publish","hentry"],"_links":{"self":[{"href":"https:\/\/www.erlenburg.ch\/wordpress\/wp-json\/wp\/v2\/pages\/190","targetHints":{"allow":["GET"]}}],"collection":[{"href":"https:\/\/www.erlenburg.ch\/wordpress\/wp-json\/wp\/v2\/pages"}],"about":[{"href":"https:\/\/www.erlenburg.ch\/wordpress\/wp-json\/wp\/v2\/types\/page"}],"author":[{"embeddable":true,"href":"https:\/\/www.erlenburg.ch\/wordpress\/wp-json\/wp\/v2\/users\/1"}],"replies":[{"embeddable":true,"href":"https:\/\/www.erlenburg.ch\/wordpress\/wp-json\/wp\/v2\/comments?post=190"}],"version-history":[{"count":24,"href":"https:\/\/www.erlenburg.ch\/wordpress\/wp-json\/wp\/v2\/pages\/190\/revisions"}],"predecessor-version":[{"id":621,"href":"https:\/\/www.erlenburg.ch\/wordpress\/wp-json\/wp\/v2\/pages\/190\/revisions\/621"}],"up":[{"embeddable":true,"href":"https:\/\/www.erlenburg.ch\/wordpress\/wp-json\/wp\/v2\/pages\/156"}],"wp:attachment":[{"href":"https:\/\/www.erlenburg.ch\/wordpress\/wp-json\/wp\/v2\/media?parent=190"}],"curies":[{"name":"wp","href":"https:\/\/api.w.org\/{rel}","templated":true}]}}